f 8 and k.
8
Let o(q) = 8*q + 136. Let p be o(-15). What is the highest common factor of p and 48?
16
Suppose 0 = 23*m - 3401 - 6972. Calculate the greatest common factor of 11 and m.
11
Let f(i) be the third derivative of i**6/120 + i**5/12 - 7*i**4/12 + 2*i**3/3 + 8*i**2. Let m be f(-7). Calculate the highest common divisor of m and 20.
4
Let a(i) = 40*i - 4. Let c be a(12). What is the highest common divisor of c and 68?
68
Suppose 0 = 2*v - 2*r - 60, v - 3*r + 155 = 5*v. Suppose 3*f = -11 + v. What is the highest common factor of f and 88?
8
Suppose m = -0*j - 5*j + 4, -5*j + m = -6. What is the highest common factor of j and 23?
1
Let s(y) = -y**3 + 7*y**2 - 4*y - 4. Let f(z) = 3*z - 11. Let r be f(5). Let x be s(r). Calculate the greatest common divisor of x and 168.
28
Let h be 26/4 - (-4)/(-8). Suppose 11*u - 842 = 676. Calculate the highest common factor of h and u.
6
Let u = -126 + 62. Let w = -47 - u. What is the greatest common divisor of 17 and w?
17
Let m be 2/(-11) + (-1440)/(-55). Let n(b) = -2*b - 20. Let r be n(-10). Let j be 5/((r - 1)/(-13)). What is the greatest common divisor of m and j?
13
Let o(g) = -5*g + 48. Let a be o(0). Calculate the greatest common divisor of 272 and a.
16
Let r = -12 + 33. Let u = r + -16. Let o be (6/(-15) - -2)*u. What is the highest common factor of o and 8?
8
Let b be (-3 + 5)/((-3)/(96*-7)). Calculate the greatest common divisor of b and 32.
32
Let k = -65 + 56. Let t be k/4*64/(-12). Calculate the greatest common divisor of t and 16.
4
Let i = 0 - -3. Suppose i*s = 12, -4*o + 186 = o - s. Let j be 1/(40/o + -1). Calculate the highest common divisor of 76 and j.
19
Let h = -5 - -3. Let x be h/(-3*(-3)/(-108)). What is the highest common divisor of 16 and x?
8
Suppose 5*h = 5*t - 2*t + 131, -3*t = h - 19. Let f(o) = -56*o - 5. Let k be f(-5). What is the highest common divisor of h and k?
25
Let s = 71 + -7. Let k be 1/(4/s*4). Suppose 0*h - 3 = -3*x - 3*h, h = 2*x - 11. What is the greatest common factor of x and k?
4
Let a = 376 + -36. What is the greatest common factor of 136 and a?
68
Let g(z) = -z**2 - 21*z - 34. Let f be g(-7). Suppose 0 = 2*n + n + 21. Let q = 1 - n. Calculate the greatest common divisor of f and q.
8
Let w = -6 + 8. Suppose 3*v + u = 208 - 35, 4*v - w*u = 224. Suppose -109 = -2*r - h - 32, -156 = -4*r - 4*h. Calculate the greatest common factor of v and r.
19
Let k = -9315 - -9333. Suppose 0*g - 5*g = -1440. Calculate the greatest common factor of k and g.
18
Let t be 7 - (-7)/(28/(-8)). Let p = -527 - -530. Calculate the greatest common divisor of t and p.
1
Let c be (-1 + 27)*(-11)/(-22). Suppose -12*t = -c*t + 16. Calculate the highest common divisor of 48 and t.
16
Let v = 194 - 158. What is the greatest common divisor of v and 36?
36
Let i(h) = 8*h**3 - 7*h**2 + 9*h + 5. Let z be i(4). What is the greatest common factor of z and 18?
9
Let j be (1/3)/((-3)/(-243)). Let n = j + -11. Suppose -n - 9 = -5*l. Calculate the greatest common factor of 15 and l.
5
Let d be -28*(2/4 - 3). Suppose 5*t = 80 + d. Calculate the highest common divisor of t and 10.
10
Let k(o) = o**3 + 7*o**2 - 6*o + 6. Let g be k(-7). What is the highest common factor of g and 32?
16
Let x be 2 - (-60)/(-4 + (-44)/(-10)). Calculate the highest common factor of 988 and x.
76
Suppose 4 = t - 9. Suppose 10 + 14 = -3*f. Let b = t + f. Calculate the greatest common divisor of b and 10.
5
Suppose 0 = -u - 5*m + 51, -3*m + 109 = -2*u + 4*u. Calculate the highest common divisor of u and 252.
28
Let u(m) = 14*m**2 + 3*m + 2. Let p be u(-1). Suppose -p = -5*y + 7. Suppose -3*g + 45 = q, -y*g + 3*q = g - 89. What is the highest common divisor of g and 2?
2
Let k(y) = -2*y**2 + 59*y - 91. Let n be k(27). Suppose 0 = 2*c - 1 - 7. Calculate the highest common factor of n and c.
4
Let f(q) = 11*q**3 + 3*q - 1. Let a be f(2). Suppose -23 = 5*j - a. What is the greatest common divisor of j and 98?
14
Let k be 1 + (-12)/16 - (-167)/4. Calculate the greatest common divisor of k and 7.
7
Let f be (-2)/2*(-7 + -3 + 0). What is the greatest common divisor of 270 and f?
10
Let f = 13 + -9. Let r(n) = -2*n**3 - 27*n**2 - 18*n - 17. Let g be r(-13). Suppose -6*b + f*b = -g. What is the greatest common factor of 3 and b?
3
Let d be (-40)/(-35) + (-6456)/(-84). Calculate the highest common factor of d and 12.
6
Let w be 0*((-2)/(-11) + 15/99). Suppose -5*a = -w*a - 70. Suppose -3*o + m = -o - 197, 4*m = -4. Calculate the highest common factor of a and o.
14
Suppose 4*i + 5*t = 50, -3*t + 12 + 12 = 2*i. What is the greatest common factor of i and 915?
15
Let r be -2 - (10 - 5) - -11. What is the highest common factor of 92 and r?
4
Let z be (-9 - -5)/(-2 - 0). Let v be (-83 - -1)*z/(-4). Suppose 4*s = s + u + 93, s + 3*u = v. What is the highest common divisor of 4 and s?
4
Let o = -475 + 745. What is the highest common factor of 10 and o?
10
Let s(l) = -3*l - 12. Let t be s(0). Let z be 7/3 + (-8)/t. Suppose -z*h + 2*h - 2*p = -19, 3*h + 3*p = 42. What is the greatest common factor of 72 and h?
9
Suppose -4*f + 2*f + 10 = 0. Let r = -877 - -922. Calculate the greatest common divisor of r and f.
5
Let c = 749 - 737. Calculate the greatest common factor of c and 132.
12
Suppose 0 = 3*n - 4*n + 95. Let d = -87 + n. Calculate the greatest common divisor of d and 2.
2
Let h(r) = 2*r**2 - 2. Let b be h(-4). Let u be (576/54)/(2/b). What is the greatest common divisor of u and 20?
20
Let y be (-12)/(-2)*(94 - 79). What is the greatest common divisor of y and 1?
1
Let m be (5 - 1)/(-2) + -1. Let v(y) = 2*y**2 + 3*y - 3. Let x be v(m). Suppose -4*d + x*d = 22. What is the highest common factor of 33 and d?
11
Let s be ((-66)/(-4))/3*4. Let d = 60 + -88. Let q be (-230 + -1)/(42/d). Calculate the highest common factor of s and q.
22
Let c be (-3)/((-2)/(-188)*-6). Let f = 62 - c. Calculate the greatest common factor of f and 3.
3
Let y be (-36)/21*1295/(-10). Suppose -n + 3*n - y = 0. Calculate the greatest common divisor of n and 37.
37
Let l = -113 + 183. Suppose -3*y + 8*y + 3*a = 62, 2*a + 12 = 2*y. Calculate the greatest common factor of l and y.
10
Suppose m - 5*w = 40, -3*m - 41*w + 36*w = -180. What is the greatest common factor of 2310 and m?
55
Suppose j + 5*m - 517 = 0, j - 5*m + 219 = 686. Calculate the highest common divisor of 12 and j.
12
Let z(y) = -36*y + 90. Let d be z(0). Let i(j) = 2*j**2 + 4*j + 2. Let c be i(-4). Calculate the greatest common factor of d and c.
18
Let k = 164 + -68. What is the greatest common divisor of k and 352?
32
Suppose 4*j - 13*s - 58 = -11*s, -4*j = s - 67. Calculate the highest common divisor of j and 152.
8
Let u = -34 - -70. Let b = 1307 - 1303. Calculate the highest common divisor of b and u.
4
Suppose u + 1 - 4 = -2*g, 2*g - 17 = -3*u. Let y = u + -2. Suppose 2*b + 2*x = 72, 4*b + 3*x - 135 = 8*x. What is the greatest common factor of b and y?
5
Let s = -2381 - -2993. What is the greatest common divisor of s and 459?
153
Let u(i) = i**2 + 10*i + 5. Let r be u(-10). Suppose 27 = r*g - 13. Let n = 0 + 1. What is the highest common divisor of n and g?
1
Let b be (1/(-1) - 10)*-2. Let u be (-400)/14 + (-6)/(-14)*-1. Let n = u - -31. What is the greatest common factor of n and b?
2
Let q(n) = n**2 + 9*n + 5. Let p be q(-4). Let l be ((-207)/(-12))/(p/(-160)). Let a be -5 + 2 + (0 - -26). What is the greatest common divisor of l and a?
23
Let c be 48/(-20)*65/(-2). Let z be (-126)/(-26) + 12/c. Let b = z - 3. Calculate the greatest common divisor of 8 and b.
2
Let d be 284/16 - 1/(-4). Let s(g) = 9*g + 6. Let v be s(4). Let k be (-1 - 6)*(-12)/v. What is the greatest common divisor of k and d?
2
Let j = 566 - 455. What is the greatest common divisor of 259 and j?
37
Let d = -650 + 845. Calculate the greatest common factor of 60 and d.
15
Let f(j) = -j**3 + 9*j**2 - 16*j + 17. Let v be f(7). Let d be ((-38)/14 + 3)*7 - -31. Calculate the greatest common divisor of v and d.
3
Suppose 0 = -29*q + 344 + 352. What is the highest common divisor of 816 and q?
24
Let y = -160 - -237. Calculate the greatest common divisor of 33 and y.
11
Suppose -4*d = -9*d - 75. Let n = d + 16. Suppose h = 3 - 1. What is the highest common divisor of n and h?
1
Let k(s) = -45*s - 12. Let h(o) = -90*o - 25.